 - -c?
12
In base 11, what is 0 + -64?
-64
In base 2, what is -1000101 + 101101?
-11000
In base 15, what is -2 - 19?
-1b
In base 5, what is 10 + -4?
1
In base 2, what is 10110100010 - 100?
10110011110
In base 11, what is -150 + -16?
-166
In base 7, what is -265 + 11?
-254
In base 5, what is -22310 - 4?
-22314
In base 7, what is 243 + 2?
245
In base 6, what is 552 - -44?
1040
In base 12, what is 86 + -2?
84
In base 9, what is -1 + -6?
-7
In base 7, what is -100013 - -5?
-100005
In base 4, what is -11 + -333021?
-333032
In base 6, what is 453 - -13?
510
In base 3, what is -2 + 1121?
1112
In base 8, what is -13 - 47?
-62
In base 7, what is -14006 + -4?
-14013
In base 15, what is 1a6c + 3?
1a70
In base 6, what is 1551 - 5?
1542
In base 7, what is 3436 - -4?
3443
In base 7, what is -20 + -4132?
-4152
In base 15, what is 432 - -5?
437
In base 12, what is 6 - 8?
-2
In base 3, what is -202 + 22?
-110
In base 11, what is 51 + -4?
48
In base 6, what is 0 - 112?
-112
In base 12, what is -600 - -1?
-5bb
In base 6, what is -322 + -44?
-410
In base 5, what is 41 - -14?
110
In base 7, what is 1662 + 6?
2001
In base 6, what is 42 - -103?
145
In base 15, what is -133 - -22?
-111
In base 12, what is -898 - 3?
-89b
In base 8, what is -6373 + 6?
-6365
In base 16, what is 3 + -7a?
-77
In base 8, what is 52 - -14?
66
In base 12, what is 5 - 13?
-a
In base 7, what is 2266 + -5?
2261
In base 14, what is 3 - -d?
12
In base 12, what is 3 + -201?
-1ba
In base 7, what is -2 - 223?
-225
In base 16, what is -141 + 1?
-140
In base 7, what is 10 - 1553?
-1543
In base 2, what is -11 - -1001100000?
1001011101
In base 14, what is -1 - -5a?
59
In base 10, what is 2 - 71?
-69
In base 7, what is 35 - -11?
46
In base 12, what is 1 - 6a0?
-69b
In base 12, what is 20 + -39?
-19
In base 13, what is -814 - 13?
-827
In base 14, what is 4 - 4b?
-47
In base 12, what is -4 - 51?
-55
In base 4, what is -12211 + -1?
-12212
In base 13, what is -69 + 1?
-68
In base 16, what is 1902 + 3?
1905
In base 10, what is -14 + 50?
36
In base 16, what is e5 + 2?
e7
In base 11, what is 2 + -231?
-22a
In base 10, what is -176 - -1?
-175
In base 13, what is 2 - 971?
-96c
In base 14, what is 6 + 1ac?
1b4
In base 11, what is -12 + 3?
-a
In base 8, what is 16 + 100?
116
In base 7, what is 14 - 421?
-404
In base 16, what is 21 - -3?
24
In base 8, what is 232 + 33?
265
In base 10, what is -3 - 318?
-321
In base 8, what is 6 + 74?
102
In base 5, what is 41 - -1?
42
In base 12, what is -6 + -23?
-29
In base 5, what is 1 + 1443?
1444
In base 2, what is 1100 + 10000011?
10001111
In base 12, what is 1 - 241?
-240
In base 14, what is -4a - d?
-59
In base 2, what is -1 + -10100?
-10101
In base 15, what is 6 - 129?
-123
In base 3, what is -1021222 - -12?
-1021210
In base 13, what is -11 - 4?
-15
In base 16, what is 9 - -654?
65d
In base 4, what is -1 + 12110?
12103
In base 8, what is 4 - 66?
-62
In base 15, what is -1 + 365?
364
In base 10, what is -8 + -883?
-891
In base 6, what is 41311 - 1?
41310
In base 10, what is -913 + 4?
-909
In base 12, what is 15 + -1a2?
-189
In base 12, what is -2 - -6?
4
In base 9, what is 2 - 181?
-178
In base 12, what is -92 + 219?
147
In base 10, what is -577 + -17?
-594
In base 13, what is -3 + cb?
c8
In base 7, what is -361 - -6?
-352
In base 7, what is -1 + -15?
-16
In base 12, what is 12 - 2?
10
In base 3, what is -1012102021 - -2?
-1012102012
In base 8, what is 12 + 17?
31
In base 15, what is -2 + 41?
3e
In base 9, what is -3 - -1404?
1401
In base 16, what is -a + 9?
-1
In base 12, what is -47 - 5?
-50
In base 13, what is 25 + 12?
37
In base 13, what is 3 - -1?
4
In base 16, what is b + -50b?
-500
In base 3, what is 100 + 121020?
121120
In base 5, what is -1124 + -1?
-1130
In base 11, what is 2 - 5?
-3
In base 5, what is -3 + 1?
-2
In base 5, what is 1121 + 0?
1121
In base 5, what is -124 + 11?
-113
In base 3, what is -10110 - 120?
-11000
In base 10, what is -1919 + 4?
-1915
In base 11, what is 0 + 15?
15
In base 2, what is 1001111101111 - -10?
1001111110001
In base 4, what is -3201 + -3?
-3210
In base 2, what is 1001010 - 11?
1000111
In base 7, what is 341 - -4?
345
In base 13, what is 3 - -6a?
70
In base 2, what is -1 + -110100?
-110101
In base 12, what is -2 - -27a?
278
In base 9, what is 5 + -1371?
-1365
In base 10, what is 28 + 74?
102
In base 15, what is 3 + 28?
2b
In base 14, what is -16 - -215?
1dd
In base 4, what is -22 - -112?
30
In base 3, what is -1 - -11020121?
11020120
In base 12, what is -1010 + 5?
-1007
In base 11, what is -16 - 7?
-22
In base 4, what is -3331033 - -1?
-3331032
In base 5, what is -30 - -1241?
1211
In base 12, what is 12145 - -5?
1214a
In base 2, what is -1001 + 101100?
100011
In base 4, what is 2 - -102?
110
In base 6, what is 143 + -423?
-240
In base 14, what is -3 - 240?
-243
In base 4, what is -1231 + 113?
-1112
In base 16, what is -1 - -13?
12
In base 15, what is -5 + 4?
-1
In base 14, what is 10 - -1d?
2d
In base 2, what is 0 - -11111011?
11111011
In base 15, what is -10 + 10b?
eb
In base 4, what is 3 + -1201331?
-1201322
In base 7, what is -316 - -102?
-214
In base 13, what is -1a - -5?
-15
In base 15, what is 2 + -130?
-12d
In base 3, what is 1201 + -2?
1122
In base 8, what is -57 + -15?
-74
In base 16, what is -1e02 - 1?
-1e03
In base 2, what is 11110011110 + 1?
11110011111
In base 7, what is 5 - 115?
-110
In base 8, what is -1 - -7737?
7736
In base 11, what is -6 + -130?
-136
In base 12, what is 2 - -47?
49
In base 11, what is -5 + -10?
-15
In base 13, what is -8 + 11?
6
In base 6, what is 31 - 130?
-55
In base 11, what is -4 + 21?
18
In base 4, what is -11121 - -11?
-11110
In base 10, what is 22 + 64?
86
In base 13, what is -3 - 90?
-93
In base 14, what is 16 - 1c?
-6
In base 16, what is 262 + -4?
25e
In base 3, what is 111 + 2?
120
In base 4, what is 2 + -111?
-103
In base 2, what is 0 - 10?
-10
In base 4, what is 11 - -13?
30
In base 14, what is -86 + 0?
-86
In base 4, what is -202111 - -10?
-202101
In base 10, what is -1 + 71?
70
In base 11, what is 0 - -3732?
3732
In base 6, what is 121232 + 4?
121240
In base 14, what is 107 + 5?
10c
In base 3, what is -11 + 111212?
111201
In base 15, what is -1090 - 4?
-1094
In base 9, what is -8 + 5672?
5663
In base 10, what is 1 - -83?
84
In base 12, what is -138 - 4?
-140
In base 16, what is -13 + 1d?
a
In base 3, what is 2120 - 12?
2101
In base 2, what is -100 + -100100001110?
-100100010010
In base 5, what is -13 + 20?
2
In base 16, what is 16 + -7?
f
In base 5, what is -122 - 143?
-320
In base 14, what is 60 - -6?
66
In base 4, what is 1112 - -3?
1121
In base 12, what is 274 - 5?
26b
In base 10, what is 3 - 614?
-611
In base 14, what is 1 + -287d?
-287c
In base 11, what is -3 - 1099?
-10a1
In base 7, what is 4 + -1456?
-1452
In base 10, what is 483 + -12?
471
In base 4, what is -1103 + 222?
-221
In base 16, what is -62 - -2?
-60
In base 4, what is -311333 - 3?
-312002
In base 3, what is -20220110 - -2?
-20220101
In base 5, what is -14431 - -4?
-14422
In base 6, what is -254 - 1?
-255
In base 6, what is -2 + -122?
-124
In base 3, what is -102 + -100001?
-100110
In base 2, what is -111000 - 1011?
-1000011
In base 5, what is -3 + -24402?
-24410
In base 8, what is -1 - -41?
40
In base 4, what is -11 - 1131?
-1202
In base 8, what is -2 + -20?
-22
In base 10, what is -81 + 5?
-76
In base 8, what is -4656 - 3?
-4661
In base 7, what is -1 - -5?
4
In base 5, what is 30 + -3103?
-3023
In base 2, what is 101 + 111011?
1000000
In base 11, what is 40 - 4?
37
In base 9, what is -28 + -7?
-36
In base 6, what is -43 + -13?
-100
In base 16, what is -5 + 6?
1
In base 11, what is -1 + -77?
-78
In base 4, what is 11 + -203?
-132
In base 4, what is 1011 - -30?
1101
In base 14, what is 0 + 1a?
1a
In base 4, what is 10 - 2212?
-2202
In base 13, what is 4 - 3a?
-36
In base 10, what is 19 - 41?
-22
In base 7, what is -2 - -15?
13
In base 11, what is 0 + 12?
12
In base 10, what is 7 - -23?
30
In base 13, what is 3 + -436?
-433
In base 13, what is 149 - -5?
151
In base 15, what is -c6 - -d?
-b8
In base 7, what is -1054 + 2?
-1052
In base 8, what is 331 + -35?
274
In base 8, what is -127 + -4?
-133
In base 8, what is -2 - 40?
-42
In base 14, what is 3264 - -2?
3266
In base 5, what is 31 - 1141?
-1110
In base 4, what is -